 = -3*j + 20 - 8. Let s = -4 + j. Suppose 5*q - 5*u - 385 = s, -68 = -3*q - u + 143. What is the greatest common divisor of q and 48?
24
Suppose 4*r - 2*h = -h + 39, 3*r - 2*h - 33 = 0. What is the highest common factor of 81 and r?
9
Let c(h) = 2*h + 2*h**2 - 3*h + 6*h. Let m(a) = -a**2 - 5*a. Let w(q) = 3*c(q) + 4*m(q). Let l be w(4). Calculate the greatest common factor of l and 24.
12
Suppose 0 = -l - 3*x - 9, -3*l + 6*l - 2*x = 17. What is the highest common factor of 12 and l?
3
Suppose 5*x + 5*d = 330, 4*x = -0*x - d + 276. What is the highest common divisor of x and 14?
14
Let a be 3 + (0 - -9)*47. Suppose 4*u = -3*y + 423, -2*u + 2*y = -6*u + a. What is the highest common divisor of u and 12?
12
Let u(o) = -o**2 + 6*o - 1. Let v be u(5). Let h(f) = -3*f + 2*f**2 + 3*f**2 + 1 - f**3 - 3. Let g be h(v). What is the highest common factor of 4 and g?
2
Suppose 0 = 5*q - 3 - 22. Suppose q*c + t - 56 = 0, 8*c - 3*c = 3*t + 72. Let k be 0*(-2 - -1) - -18. What is the greatest common factor of c and k?
6
Let b(p) = p**2 - 9*p - 6. Let q be b(11). What is the greatest common factor of 2 and q?
2
Suppose -n - n - 171 = -o, -o + 171 = 2*n. Suppose -2*j - 3*d + 2*d = -40, -5*d = 5*j - 105. Calculate the greatest common divisor of j and o.
19
Let m = 35 + -23. Let d = 160 + -97. Suppose 3*z - 189 - d = 0. Calculate the highest common factor of z and m.
12
Suppose -3*k = -240 - 3. What is the highest common divisor of 9 and k?
9
Let f(v) = 2*v**3 + v**2 - 2*v + 7. Let o be f(3). Calculate the highest common factor of 8 and o.
8
Let j be 4 - (2 - 46) - 4. What is the greatest common divisor of 11 and j?
11
Let x(v) = v + 72. Let d be x(0). Let u be (14 - (10 + (-5 - 0))) + -1. What is the greatest common divisor of d and u?
8
Let f = -114 - -169. Calculate the highest common factor of f and 5.
5
Let o = 152 + -48. Let f = 0 - -4. Suppose -2*v - 62 = -f*d, 5*d - 135 = 5*v - 45. Calculate the highest common divisor of d and o.
13
Let a = 1 + 3. Let m be (-2)/a - 5/(-2). Suppose -m*p = -4*p + 16. Calculate the greatest common factor of 32 and p.
8
Suppose -17 = 3*x - 5*q, -4*q + 12 = 4*x - 2*q. Let s be 228/20 + (-4)/10. Calculate the greatest common factor of s and x.
1
Let m be (-18)/8*152/(-57). Calculate the greatest common divisor of 2 and m.
2
Let s(m) = -m + 6. Let p be s(7). Let x = p + 4. Suppose -x = -3*g + 15. Calculate the highest common factor of g and 24.
6
Let t(n) = n**2 - 6. Let o be t(-6). Let w = -11 + 49. Let c = w - 23. What is the highest common factor of c and o?
15
Suppose -d = -4*g - 22, 2*g - 8 = 3*g + d. Let q be (143/2)/((-3)/g). Let f be 49/4 + 3/4. Calculate the highest common divisor of q and f.
13
Let i = 16 - -79. Calculate the highest common divisor of i and 19.
19
Let k be 1*3 + (-1648)/(-8). Let y = 379 - k. What is the greatest common divisor of 17 and y?
17
Let p = 52 - -8. Let w = -4 + 8. Suppose w*l - 96 = -0*l. What is the greatest common divisor of l and p?
12
Suppose 0 = -4*u + 4*c - 84, -4*c + 12 = -u - 6*c. Let a be (-176)/u - 20/(-90). Calculate the highest common divisor of a and 2.
2
Suppose -h - 195 = -3*a, 0 = -3*a - h + 74 + 127. Let m(f) = f - 9. Let u be m(15). Calculate the greatest common factor of u and a.
6
Let o = 7 + 0. What is the greatest common divisor of o and 7?
7
Let i be (110/15 + -3)/((-1)/(-3)). Calculate the greatest common divisor of i and 117.
13
Let z be (0 + 18)*(-2)/(-6). Suppose -z*n = -n - 150. What is the highest common factor of 20 and n?
10
Suppose h - o + 0*o = 23, 3*o = 2*h - 41. Suppose -6*f + 15*f - 630 = 0. What is the highest common divisor of h and f?
14
Let i = -3 + 3. Suppose -3*w = -i*w - 15, w + 443 = 4*u. What is the highest common divisor of u and 14?
14
Suppose -f = -4*f + 294. Let x = f + -39. Suppose 4*a = x + 13. Calculate the highest common divisor of a and 12.
6
Let q(x) = -13*x**3 + 2*x**2 - 1. Let w be q(-1). Let a(l) = 27*l + 1. Let t be a(-5). Let i = 246 + t. Calculate the greatest common divisor of i and w.
14
Let b be (1 - -6)/((-15)/(-30)). What is the highest common factor of 21 and b?
7
Let i be 4/(-6) - (-1491)/9. Calculate the greatest common divisor of i and 15.
15
Let u(t) = -4*t**2 - t - 1. Let m be u(-1). Let b be 2/m - (-93)/6. What is the greatest common factor of 30 and b?
15
Let t(h) = 3*h - 3*h + 8*h**2 + h. Let f be t(1). Let a be 133/f - (-4)/18. Calculate the greatest common divisor of 3 and a.
3
Let v = 42 + -26. Calculate the greatest common divisor of v and 2.
2
Suppose -w + 56 = 5*c, 2*c = -0*w + w - 21. Calculate the greatest common divisor of w and 155.
31
Let j(a) = 4*a**2 + 5*a + 5. Let o be j(-2). What is the highest common divisor of 44 and o?
11
Let l(f) = -7*f. Suppose 6 = -p - 2*p. Let d be l(p). Calculate the greatest common divisor of 2 and d.
2
Suppose -2*j + 30 = 2*w, 0 = -w + 3*w - 2*j - 18. What is the greatest common divisor of 132 and w?
12
Suppose -3*n + 4 = -2. Let p be (-180)/(-8)*n/1. Calculate the highest common factor of p and 18.
9
Let v(w) = -w**2 - 12*w + 16. Let n be v(-12). Let d = -4 - -6. Calculate the highest common factor of d and n.
2
Let i(g) = 6*g**2 + 4*g + 8. Let a be i(-3). Calculate the highest common divisor of a and 10.
10
Suppose 2*i + 5*o = 24, 0 = -4*o - 0*o. Suppose -2*u + i = -u. What is the greatest common divisor of 18 and u?
6
Let g(j) = j**3 + 6*j**2 - 3*j + 2. Let r be g(-4). Let l = r - 32. What is the greatest common factor of 2 and l?
2
Let w(y) = -2*y**3 + 1 + 3*y**3 + 6 - 10*y**2 + 0. Let r be w(10). Suppose -84 = 3*z - 252. What is the highest common factor of z and r?
7
Suppose 4*z = -i + 14, 0 = 3*z - 2*i + 3*i - 10. Let v = z - -5. Calculate the greatest common divisor of v and 36.
9
Let z = 45 - 41. Calculate the greatest common factor of z and 28.
4
Let w = 424 - 418. Let h(u) = u**2 + 5*u. Let x be h(-6). Calculate the highest common factor of w and x.
6
Let w = 152 + -323. Let z be (-1213)/4 + (-2)/(-8). Let b = w - z. Calculate the highest common divisor of 12 and b.
12
Let z(d) = -2*d**2 + 11*d + 4. Let x be z(8). Let c = -22 - x. Calculate the greatest common factor of c and 14.
14
Let r(h) = h + 2 + 0 - 5*h. Let k be r(-5). What is the highest common factor of 33 and k?
11
Suppose -3*b + 57 = 2*w, -2*b - 2*w - 23 + 61 = 0. Calculate the greatest common divisor of b and 95.
19
Suppose 3*u - x + 3*x - 333 = 0, u + 5*x - 98 = 0. Suppose 55 = 2*j - u. What is the greatest common divisor of j and 12?
12
Let z be (-2289)/(-15) + (-6)/(-15). Suppose -5*u = -z - 117. What is the highest common divisor of 6 and u?
6
Suppose -5*n - 1 = -16. Suppose -n*p + 18 = w - 5*p, 5*p + 17 = -w. Let l(z) = 3*z - 12. Let k be l(w). Calculate the greatest common divisor of k and 24.
12
Suppose -63 = -4*o + 4*k + 17, 56 = 3*o - k. What is the highest common factor of o and 9?
9
Let j = 24 - -32. What is the highest common divisor of j and 16?
8
Suppose -4*a - 5*o = -11, a + o = -3*o. Suppose a*j + 198 = 5*j. Calculate the greatest common divisor of 22 and j.
22
Let r(d) = -14*d - 14. Let u be r(-6). Calculate the greatest common factor of 28 and u.
14
Let n = -12 - -19. Let v be (6/4)/(2/4). Suppose v*c = 49 - n. What is the highest common factor of 2 and c?
2
Suppose 2*c - 10 - 8 = 0. What is the greatest common divisor of c and 18?
9
Suppose -2*s = 13 - 1. Let l be (s/4)/(1/(-42)). What is the highest common divisor of 7 and l?
7
Let r = -10 - -16. Suppose 3*x + r = -2*v - 0*x, 4*v - 16 = x. Let y be 358/v + 4/6. What is the greatest common factor of y and 15?
15
Suppose -3*a + 10 = -a. Suppose 0 = 3*s - 2*s - a. Suppose s*r = -20 + 70. What is the highest common divisor of r and 110?
10
Let j = 34 - 9. Let t = 39 - j. Calculate the highest common factor of 2 and t.
2
Let c(z) = z**3 + 15*z**2 + 15*z + 16. Let k be c(-14). Let w be -7*(k - 12) + 2. Let i = -1 + 10. Calculate the greatest common divisor of i and w.
9
Let l(a) = 8*a**2 + 2*a. Suppose 3*p + 0*p + 25 = -5*j, -j - 22 = 4*p. Let m be l(j). What is the highest common factor of 7 and m?
7
Let j be 11 + (-1 - (1 + 0)). Let y be 6/j - (-136)/12. Calculate the highest common divisor of 120 and y.
12
Suppose 3 = 12*p - 33. Calculate the highest common divisor of 9 and p.
3
Suppose 5*k - 75 - 75 = 0. Let b be (k/1)/(3/4). Cal